-28)/2 + 2 + 0. Let q(j) = -9*j - 1. Let i be q(-2). Let s = i + g. What are the prime factors of s?
5
Let w = -8 + 10. Suppose -w*d + 25 = -13. Suppose 3*u = -3*l + 39, u = 2*l + d + 6. What are the prime factors of u?
17
Suppose -i - 4*i = 20. Let s = -2 - i. Suppose -s*t + 8 = y, 2*y + 2*y = -t + 32. What are the prime factors of y?
2
What are the prime factors of (-332)/(-6) + (-14)/(-21)?
2, 7
Let m = -162 + 257. List the prime factors of m.
5, 19
Let v(r) = -45*r + 45. What are the prime factors of v(-4)?
3, 5
Suppose -5*t + 181 = 3*h, 0 = -3*t + 2*h + 102 - 1. Suppose 0 = -5*n - 3*p + t + 115, -2 = -n + 5*p. What are the prime factors of n?
3
Let q(j) = 4*j**2 - 6*j + 1. What are the prime factors of q(4)?
41
Suppose 0 = -3*f + 2*f + 9. Let n(k) = k**2 - 9*k + 13. List the prime factors of n(f).
13
Let k(o) = 1 + 1 + o + 1. Let q be k(-3). Suppose 0 = s - 12 - q. List the prime factors of s.
2, 3
Let b(g) = g**2 + 5*g + 4. Let o be b(-4). Suppose n + 5 - 23 = o. List the prime factors of n.
2, 3
Suppose -6*q = -3*q - 321. What are the prime factors of q/7 - (-4)/(-14)?
3, 5
Suppose -2*m - 12 = -3*m. Let b be 49/(-42) + (-2)/(-12). What are the prime factors of (2 + -3)/(b/m)?
2, 3
Let a(w) = w**3 - 2*w**2 - 5*w - 1. Let l be a(4). List the prime factors of l*(2 + (2 - 3)).
11
Let z(k) = k**2 + 4. Let i be z(-8). Suppose 3*y = -c + 20, -28 = 3*c + 4*y - i. Suppose 4*p + 12 = 0, a - p = -0*p + c. What are the prime factors of a?
5
Suppose 2*j - 6*j = -104. Suppose 25 = 2*s + 3*i - j, s = -5*i + 22. List the prime factors of 3/12 + s/4.
7
Suppose 3*f = -5*a - 2*f + 40, 5*f + 8 = a. Suppose m + 0*r - a = r, 5*m + 5 = -4*r. Suppose -m*w + 45 = 2*w. List the prime factors of w.
3
Let s(a) = -2*a**3 - 2*a**2 - 18. What are the prime factors of s(-5)?
2, 7, 13
Let n = 12 - 5. Suppose -n*m = -3*m - 84. List the prime factors of m.
3, 7
Suppose 0*x = x, 5*d - 5*x - 260 = 0. List the prime factors of d.
2, 13
Let g(w) = -w**3 + w**2. Let v(s) = 5*s**3 - 4*s**2 - 26. Let y(r) = -4*g(r) - v(r). What are the prime factors of y(0)?
2, 13
Let o(c) = c. Let r be o(-2). Let a = 11 + r. What are the prime factors of a?
3
Let n(s) = -10*s + 18. List the prime factors of n(-6).
2, 3, 13
Suppose v - 39 = -2*x, 0*v + 19 = v - 2*x. What are the prime factors of v?
29
Suppose -3*b - 16 = -7*b, -3*b = -4*x. Let s(j) = 0 - j + 3*j - 3*j**x + 3 - 2. What are the prime factors of s(-1)?
2
Let m(t) = -t**3 - 5*t**2 - 4*t + 4. Let u be m(-4). Let w = 3 - u. List the prime factors of w/((-1)/17) - -2.
19
Let f(m) = -3*m**3 - 3*m - 7*m**2 + 8*m**3 + 10 - 6*m**3. What are the prime factors of f(-7)?
31
Let l be -6*-2*3/12. What are the prime factors of (l + 17)/4 - 0?
5
Let c = -18 - -116. What are the prime factors of c?
2, 7
Let c(l) = -l**2 + l + 33. Let y be c(0). Suppose 3 + y = 3*m. List the prime factors of m.
2, 3
Let n(v) = v**2 + v - 4. Let x(a) = -a + 2. Let k be x(6). What are the prime factors of n(k)?
2
Let s be ((-8)/(-10))/((-6)/(-15)). Suppose 2*i - 61 = b + 4*b, 5*i + s*b = 80. List the prime factors of i.
2, 3
Let b(u) = 4*u + 0 - 3*u**3 + 2*u**2 + 3 + 2*u**2. What are the prime factors of b(-2)?
5, 7
Let z = 33 + -32. Let k be (-1 + (-2)/(-1))*0. What are the prime factors of 6 - (2 - k/z)?
2
Let m(h) = -h**3 - h**2 + 2*h + 70. What are the prime factors of m(0)?
2, 5, 7
Let j(i) = 4*i - 7. Let h be j(3). Let w(o) = 6*o - 7. What are the prime factors of w(h)?
23
Let g(n) = 4*n. What are the prime factors of g(4)?
2
Let f(p) = -p**3 - 7*p**2 + 4*p + 2. Let v be f(-7). Let d = v - -39. What are the prime factors of d?
13
Suppose -67 = -4*p + 589. What are the prime factors of p?
2, 41
Let j = -3 + 3. Let x(p) = p + 2. Let a be x(j). List the prime factors of -2*(-3 + a) - -13.
3, 5
Suppose -2*d - 28 = -2*a, 2*d + 2 - 6 = 0. Let v be (12/3 - 2)*1. Suppose -a = -i + v. List the prime factors of i.
2, 3
Let i = -82 - -142. What are the prime factors of i?
2, 3, 5
Suppose 2 + 2 = 2*p + 4*l, 0 = 5*p + 2*l - 50. Suppose 2*b - p = -2*b. Suppose -b*d + 2 = -4. What are the prime factors of d?
2
Let g(y) = -y + 9. What are the prime factors of g(-14)?
23
Let l = 20 - -5. Let z = 58 - l. List the prime factors of z.
3, 11
What are the prime factors of -1 + (-1694)/(-28) + (-3)/(-2)?
61
Let s = 80 + -16. What are the prime factors of s?
2
Let v = 3 - 7. Let g be (-6)/v*16/6. Suppose 3*f + g = 28. What are the prime factors of f?
2
Suppose 0 = -2*h - 2*w - 22, w + 0*w = 5*h + 37. Let m be -4 - (-1 + -1) - 12. Let c = h - m. List the prime factors of c.
2, 3
Let u(r) be the second derivative of r**5/20 - 7*r**4/12 - r**3/6 + 9*r**2/2 - r. Let y be u(7). What are the prime factors of y/(-2)*-9*1?
3
Suppose -4 = -2*f + 2. Let c be 3/(-2)*12/(-9). Suppose 14 - c = f*t. List the prime factors of t.
2
Let k = 0 + 6. What are the prime factors of -2*((-273)/k)/7?
13
Suppose y + 420 = 6*y. What are the prime factors of y?
2, 3, 7
Suppose -2*k + 5*q = -61, 0 = -2*q + 5 - 15. Suppose 2*x = -0*x + k. What are the prime factors of x?
3
Let s = 5 - 0. Suppose -3*o = -5*o + s*d + 35, 2*d + 38 = 2*o. What are the prime factors of o?
2, 5
Suppose 4*a = -a + 380. Suppose 5*w - 4*u - a = -0*w, 0 = -4*w + 2*u + 56. What are the prime factors of w?
2, 3
Suppose 4*q - 36 = 20. List the prime factors of ((-36)/21)/((-2)/q).
2, 3
Suppose 0 = -8*f + 7*f + 48. What are the prime factors of (-50)/3*f/(-20)?
2, 5
Let z(r) = 6*r**2 + 3*r - 3. Let y be z(-5). List the prime factors of y/20 + (-2)/(-5).
7
Let d be 37/2 + (-10)/20. Suppose -d = -h + 12. List the prime factors of h.
2, 3, 5
Let h(z) = z**3 + 6*z**2 + 3*z. Let y(t) = 2*t**2 - 3*t + 1. Let n be y(2). Suppose 5 + 10 = -n*q. List the prime factors of h(q).
2, 5
Let a(f) = -16*f - 1. Let z be a(-1). Suppose 0 = p - 41 + z. What are the prime factors of p?
2, 13
Let o(z) = -4*z - 1. Let q be o(-1). Let t = 67 - 9. List the prime factors of t/8 + q/(-12).
7
Suppose 0*o - 3*r + 60 = -5*o, -2*r - 8 = 2*o. Let s be (-19)/4 + (-3)/(-4). Let f = s - o. List the prime factors of f.
5
Let o be (-4)/((-3)/(-6)*-4). Suppose -o*f + 16 = -0*f. List the prime factors of f + (-3 + 3 - 2).
2, 3
Suppose p = 3*x - x + 6, p - 3*x - 1 = 0. List the prime factors of p.
2
Let o = -7 + 4. Let p(k) = 2*k**2 + 1. What are the prime factors of p(o)?
19
Let d(s) = -s**3 - s**2 + 2*s. Let p be d(-2). Suppose -32 = -3*o - 5*z, 0 = -p*o + o + z - 12. What are the prime factors of o?
2, 7
Let r(z) = -4*z + 14*z**3 - z + 6*z - z**2. List the prime factors of r(1).
2, 7
Let j(l) = -3*l + 214. What are the prime factors of j(0)?
2, 107
Let r(s) = -s**2 - 6*s + 3. Let t be r(-10). Let b = -2 - t. What are the prime factors of b?
5, 7
Let g = -3 - -5. Suppose -5*k - 35 = -5*n, 9*n - 4*n = 3*k + 25. Let l = n + g. What are the prime factors of l?
2
Let w(g) = 12*g**2 - 8*g + 13. List the prime factors of w(2).
3, 5
Let w be (8/2)/(1/2). Suppose -3*p + w*p = -145. Let o = -18 - p. List the prime factors of o.
11
Suppose -8 = -2*o, 2*j + 2*o + 1 = 5*j. Suppose j*n = 5*n - 20. What are the prime factors of n?
2, 5
Let a(r) be the second derivative of r**5/20 + 7*r**4/12 + 2*r**3/3 - 4*r**2 - r. Let t be a(-6). What are the prime factors of t/14 + 47/7?
7
Let x(o) = 3*o**3 + 1. Let i be 3/(-5) - (-26)/10. What are the prime factors of x(i)?
5
Let m(d) = -2 + 7 + 3 + d**3 - 7*d**2 + 5*d. Let b = 14 - 8. List the prime factors of m(b).
2
Let a = 3 - -1. Let h(m) = -a*m + 2*m + 0*m. What are the prime factors of h(-4)?
2
Suppose -i - 4*i = 0. Let z = i - -2. What are the prime factors of 4/z + -2 - -8?
2
Suppose 0 = t - 2*a + 4*a - 72, -4*t + 3*a = -244. What are the prime factors of t?
2
Suppose -d - 2*k = -92, -4*d + 2*k - 3*k = -368. Let g = -55 + d. What are the prime factors of g?
37
Let k = -173 - -269. What are the prime factors of k?
2, 3
What are the prime factors of (24/20)/((-6)/(-20))?
2
Suppose 75 = -10*u + 5*u. Suppose m - 3 - 27 = 0. Let z = m + u. List the prime factors of z.
3, 5
Let l = 3 + 1. Suppose 32 = 5*k + 2*a, 3*a = l*k - 26 - 18. List the prime factors of k.
2
Let a = -3 - -5. Let j = -4 - a. Let f = j - -13. What are the prime factors of f?
7
Suppose 0*a - 2*a = -2. Let f be 2*(2 - -1 - a). Suppose -3*y = 4*l - 14, 2 - 30 = -f*l + 4*y. List the